se 0 = t, 2*q + 2*q + h = 2*t. Calculate x(q).
7
Suppose 0 = -r + 3*d + 7, 0 = d - 7 + 3. Let q(n) = 2 - 39*n + 15*n + r*n + n**2. Determine q(5).
2
Let m(i) = i**3 + 6*i**2 + 3*i - 9. Let b be m(-5). Let x(l) = -8*l + 1. Let g(p) = 8*p - 1. Let s(n) = -3*g(n) - 2*x(n). Determine s(b).
-7
Suppose 0 = 4*c - 3*c + 4. Let i(l) be the third derivative of -l**6/120 - l**5/20 + l**4/6 + l**3 + 2*l**2. Calculate i(c).
6
Let g(v) = -v + 0*v + 0*v - 6. Let m be -1*6*5/(-15). Let y be (-5 - -10)*m/(-2). What is g(y)?
-1
Let c(q) = -q**2 + 6*q + 5. Suppose y = 3*y - 12. Give c(y).
5
Let c(g) = -g**3 - g**2 + 4*g + 3. Suppose 2*p - 4*p = -3*t - 17, -5*p - t + 17 = 0. Let l(x) = p*x - 2*x - 3*x + 6 - 4. Let b be l(4). Determine c(b).
-1
Let x(q) = 3*q**3 - 7*q**2 + 10*q + 6. Let m(o) = -4*o**3 + 8*o**2 - 11*o - 6. Let y(j) = -4*m(j) - 5*x(j). Suppose 28 = -4*l + 12. Determine y(l).
2
Let p(n) be the third derivative of n**5/60 - 7*n**4/24 + n**3/3 - 13*n**2. Calculate p(7).
2
Let n(x) = x**3 - x**2 - x + 1. Let i be n(2). Let p(c) be the third derivative of -c**5/60 + c**4/12 + c**3/3 - 6*c**2. Calculate p(i).
-1
Suppose -3*n + n - 3 = -d, -3*d + 9 = -4*n. Let c be (-9)/(-1 + -2) + 0. Let r(y) = -35*y**3 + 4 + 4 - y**2 + 34*y**c + y. Calculate r(n).
8
Let t(w) = w**3 + 6*w**2 + 2*w - 5. Let q(b) = -b + 1. Let o be q(6). Calculate t(o).
10
Let q(v) = -v**3 + v - 3. Suppose 5*r - 3*b - 4 = 2, -5*r - 4*b - 8 = 0. Calculate q(r).
-3
Let w be (6/(-9))/((-2)/9). Let n(q) = -10*q + 12. Let v(x) = -3*x + 4. Let g(t) = 2*n(t) - 7*v(t). Give g(w).
-1
Let h(d) = -d - 1. Let s(t) = 6*t + 4. Let y(l) = -4*h(l) - s(l). Calculate y(-4).
8
Let m(y) = -3*y. Let r(t) = 4*t + 10. Let s be r(-3). Determine m(s).
6
Suppose 2*x + x - 9 = 0. Let u(g) be the third derivative of g**4/8 - 7*g**2. Determine u(x).
9
Let i(t) = -t + 2. Let j be i(-3). Let z(g) be the third derivative of -1/3*g**3 + 0*g + 1/24*g**4 + 0 - 3*g**2. What is z(j)?
3
Let f(k) = k**2 + 2*k + 1. Let n be f(-1). Let w(v) = v**3 + 3*v - 5*v + 3*v + 5. Determine w(n).
5
Suppose -2 = -f + 1. Let o(a) = 13*a**2 - 2*a + 1 + a**f + 0*a**3 - 9*a**2. Calculate o(-5).
-14
Suppose 0 = -3*s - 3 + 6. Let f(t) = -5 + 3 - s + t. Suppose -25*x - 5 = -26*x. What is f(x)?
2
Let b(n) = -n**3 + 2*n**2 - 1. Let s be b(-1). Suppose 0 = s*d + 3*d + 15. Let v(u) = u + 4. Let f(g) = -2*g - 7. Let m(o) = 3*f(o) + 5*v(o). What is m(d)?
2
Let j(w) = -w + 1. Suppose -3*s - s + 16 = 0. Suppose -2*p = 4*l + 6, 0 = 5*p + s + 11. Suppose l = -x - 5, -5*r - 3*x = -2*x + 20. Calculate j(r).
4
Let r(g) = -6*g + 41 - 4*g**2 + g**3 - 90 + 45. Determine r(5).
-9
Let y(i) be the first derivative of i**6/360 - i**5/30 - i**4/4 + 4*i**3/3 + 1. Let j(b) be the third derivative of y(b). Calculate j(5).
-1
Let j(z) = z**2 + 2*z**2 - 4*z**2 - z + 2. Calculate j(2).
-4
Let i(w) be the second derivative of w**4/3 - w**2/2 - 2*w. Let k be -1 + -1 + 9 + -3. Suppose 6*r - 2*r = -k. Give i(r).
3
Let c(b) be the third derivative of b**4/24 - 11*b**3/6 - 6*b**2. Calculate c(5).
-6
Let w(o) be the second derivative of 3*o**5/4 - o**4/12 - 12*o. Calculate w(-1).
-16
Let d be (-3)/(-1) + 0/(-7). Let c(i) be the second derivative of -i**5/20 + 5*i**4/12 - i**3/6 - 2*i**2 - 14*i. Give c(d).
11
Let s(u) be the second derivative of -u**3/6 + u**2/2 + u. What is s(-5)?
6
Suppose 4*k + 48 = 28. Let u(o) = 4*o**3 - 7 - 5*o**3 + 8*o - 3*o - 4*o**2. Determine u(k).
-7
Let m(v) be the second derivative of -2*v**2 + 0 - 9*v + 1/3*v**4 + v**3 - 1/20*v**5. What is m(5)?
1
Let d(c) = -c**3 - 4*c**2 - 3*c + 4. Let u be d(-3). Let m(x) = -2*x - 2 + 1 + u + x. Determine m(-3).
6
Let b be 7 - (-1)/(2/(-4)). Let f(d) = -d**3 + 6*d**2 - 2*d - 4. Calculate f(b).
11
Let s(g) = -2*g. Let m be s(-3). Let w = -8 + m. Let j(n) be the third derivative of -n**4/8 - n**3/3 + 2*n**2. Give j(w).
4
Let f(k) = -2 + 19*k**2 - 68*k**2 + 22*k**2 + k + 26*k**2. Calculate f(0).
-2
Let r(x) be the third derivative of -x**6/40 - 5*x**2. Let q be 556/10 - 6/10. Let t be 26/(-22) - (-10)/q. Give r(t).
3
Let j be 2/(-1) - 2/(-2). Let t(a) = -16*a - 1. What is t(j)?
15
Let d(h) = -h - 2. Let a = 24 - 28. Determine d(a).
2
Suppose 24 = -4*k - 8*l + 4*l, 0 = -2*k + 3*l - 2. Let f(v) be the first derivative of 1/3*v**3 + 1 + 3*v + 3*v**2. What is f(k)?
-5
Let t(y) = -5*y**2 - 3*y + 6. Suppose 0 = 5*n - 17 + 2. Let u(l) = 4*l**2 + 2*l - 5. Let a(v) = n*t(v) + 4*u(v). Determine a(2).
0
Let a(i) = 2 - 1 + 0*i + i - 2*i. Calculate a(4).
-3
Let w(s) be the third derivative of -5*s**4/12 - s**3/6 - s**2. Suppose 3*z = 7*z - 12. Suppose 2 = -z*x - 1. Determine w(x).
9
Let v(b) = -2*b**2 + 0*b - 8 - 6*b - 4*b. What is v(-6)?
-20
Let s(u) be the third derivative of -u**5/60 + u**3/3 - 3*u**2 - 14. Suppose -4*a = x - 20, -6 = -4*x + 5*a + 11. Suppose -x = -c - 3*c. Give s(c).
-2
Let p = -74 + 46. Let a be (-1 - 0)/((-7)/p). Let d(t) = -t - 5. What is d(a)?
-1
Let k(z) be the second derivative of 3*z + 0 + 1/12*z**4 - 1/2*z**3 + 0*z**2 - 1/30*z**5. Let n(a) be the second derivative of k(a). What is n(-2)?
10
Let c be (30/(-105))/(((-1)/7)/(-1)). Let b(h) = 4*h**2 - h - 2. Calculate b(c).
16
Let v(u) be the third derivative of u**4/24 - u**3/3 + 2*u**2 + u. Calculate v(5).
3
Let h(i) = -i**2 - 2. Let n(o) = o. Let k(q) = h(q) - 3*n(q). Let a(g) = g. Let r(s) = s. Let j(l) = -2*a(l) + r(l). Let c be j(2). Determine k(c).
0
Let p(h) = h**2 - 8*h - 5. Let b be 166/18 - (-10)/(-45). Let c be p(b). Let o(t) = 2*t**2 - c + 0 + t**3 + 4*t + 3*t**2. What is o(-4)?
-4
Let m(a) = a**2 - 2*a - 5. Suppose 7 - 2 = x. Suppose 20 = -0*l + x*l. Determine m(l).
3
Suppose x + 4 = 5*t, -5*t - x + 6 = -0*t. Let w = 1 + t. Let m be w/5 + (-6)/15. Let a(l) = l**2 - l + 9. Calculate a(m).
9
Let g = 1 + -2. Let w be (2 + 0)/(1 - g). Let f(z) be the first derivative of z**2 - 17. Determine f(w).
2
Suppose 4*k - 7 - 9 = 0, -28 = -3*a - 4*k. Suppose 3*d = a*d + 2. Let x(z) = -z + 2. What is x(d)?
4
Let x(p) be the second derivative of -3*p**5/20 + p**3/6 - p**2/2 + 5*p. Calculate x(1).
-3
Suppose -8 = -0*d + 2*d. Let j = d + 6. Let h(t) = 3*t**2 - 3*t**2 - 1 + j*t**2 - 4*t**2. What is h(-2)?
-9
Let i(q) = q - 5. Suppose 0 = -h - 5*s - 5, 0 = -4*h - 2*s - 2. Suppose 4*b = -h*b. Give i(b).
-5
Let c(t) = 14*t - 1. Let v(r) = r + 2. Let p be v(-2). Let f = -1 + p. Give c(f).
-15
Let l = -13 + 7. Let d(g) be the second derivative of g**5/20 + 7*g**4/12 + 5*g**3/6 + 3*g**2/2 + g. Calculate d(l).
9
Let d(p) = -p + 2. Let r(m) = 2*m - 4. Let l(o) = -5*d(o) - 3*r(o). Let a be l(3). Let n(g) = 4*g**3 + 0*g + 3*g - 4*g. What is n(a)?
-3
Let p(x) = -x**2 - 4*x + 4. Let l(k) = -5*k**3 - k**2 + 2*k - 1. Let g be 4/16 - (-6)/8. Let j be l(g). Determine p(j).
-1
Let k(v) = v**2 + 10*v - 2. Let n be k(-10). Let p = n - 2. Let q(j) = -2*j. Determine q(p).
8
Let q = 15 - 0. Let h(b) = 2*b - 12 - 2*b + q - b. Determine h(6).
-3
Let v(w) = -w**2 - 7*w - 8. Let k = -9 + 3. Give v(k).
-2
Suppose -5*i = -19 - 6. Let p(f) = 1. Let z(k) = k - 10. Let o(g) = -4*p(g) - z(g). Determine o(i).
1
Let c(z) = z + 8. Let t be c(-6). Let s(f) = -t - 2*f + 2 - f + 3. Determine s(3).
-6
Let n(z) = z**2 - 5*z + 1. Let k be n(2). Let g(d) = -7*d**2 + d + 6. Let a(o) = -6*o**2 + o + 5. Let y(j) = k*g(j) + 6*a(j). Determine y(1).
0
Let t = 27 + -55. Let j be ((-2)/(-8))/(7/t). Let w(z) = -z**3 + z. Determine w(j).
0
Let y be (-2)/(-6) - 10/(-6). Let j(p) = y - 5*p + 3 - 3 + 2*p**2. Let z = 9 + -6. Give j(z).
5
Let p(t) be the second derivative of t**4/24 - t**3/3 - 3*t**2/2 + 2*t. Let q(b) be the first derivative of p(b). Determine q(3).
1
Let b(p) = 2*p - 6. Let w be b(4). Let i(m) = 0 - 2 + 1 + 9*m**w. Give i(1).
8
Suppose 40 = 4*u + 3*t, 0*u + 3*u = 2*t + 13. Let b be (12/14)/((-1)/u). Let k = 5 + b. Let w(s) = 5*s**2 - 2*s - 1. What is w(k)?
6
Let u(q) be the third derivative of -q**4/4 - q**3 + 3*q**2. Let i(a) = 5*a + 6. Let d(w) = -7*i(w) - 6*u(w). Give d(0).
-6
Let z(h) = -h**2 + 6*h - 1. Let i be z(5). Let q(y) = -2*y + 6. Determine q(i).
-2
Let b(q) = -4*q**2 + 3*q - 5. Let l(r) = -r**2 + r - 1. Let n(t) = b(t) - 3*l(t). Determine n(0).
-2
Let h(d) be the second derivative of d**5/20 + 5*d**4/12 - d**3/3 - d**2 - d. Let i(q) = -q**3 + 2*q**2 - 2*q - 1. Let l be i(2). Calculate